.
49
Let x(v) = v**3 - 5*v**2 + 3971*v - 15878. Give x(4).
-10
Let x(q) = -q**3 + 41*q**2 - 285*q - 318. Give x(31).
457
Let s(j) = -20229*j + 1496945. Calculate s(74).
-1
Let t(y) = -y**3 - y**2 + 154*y - 455. Calculate t(3).
-29
Let n(b) = -2*b**3 + 126*b**2 + 4*b + 58. Calculate n(63).
310
Let f(u) = -855*u + 257428. What is f(301)?
73
Let y(r) = -226*r + 33703. Give y(144).
1159
Let a(l) = 6*l**3 - 131*l**2 + 408*l + 286. What is a(18)?
178
Let u(s) = -s**3 - 604*s**2 + 1660*s - 97388. What is u(-607)?
339
Let q(x) = 4*x**2 + 28201*x + 169029. Calculate q(-6).
-33
Let x(i) = i**3 + 143*i**2 - 202*i + 12751. Determine x(-145).
-9
Let c(y) = 3*y**2 + 58753*y - 293749. What is c(5)?
91
Let r(o) = o**3 - 29*o**2 + 191*o + 147. Determine r(17).
-74
Let v(q) = 1171*q + 72640. Calculate v(-62).
38
Let k(j) = 52*j**3 + 7905*j**2 + 149*j - 455. Calculate k(-152).
1
Let z(n) = 5*n**2 + 190*n + 1496. Give z(-27).
11
Let z(g) = 6150*g - 110665. Give z(18).
35
Let j(n) = -4*n**3 - 686*n**2 - 2346*n + 114. What is j(-168)?
-894
Let v(s) = -144*s - 4756. Calculate v(-33).
-4
Let s(g) = -g**3 + 126*g**2 - 3918*g + 184. Calculate s(70).
324
Let z(u) = 33*u**2 + 4749*u + 31631. What is z(-7)?
5
Let c(n) = 494*n**2 - 7414*n + 25. Give c(15).
-35
Let p(o) = -11*o**3 - 792*o**2 - 11*o - 2626. Determine p(-72).
-1834
Let n(r) = -2*r**3 - 107*r**2 + 2489*r + 131476. Calculate n(-54).
-14
Let d(l) = -l**3 + 58*l**2 + 155*l - 9287. Calculate d(58).
-297
Let z(c) = 1012*c + 2317. Give z(-3).
-719
Let k(l) = 2*l**3 - 17*l**2 - 69*l - 166. Calculate k(-5).
-496
Let d(g) = -77031*g - 385150. Give d(-5).
5
Let y(w) = -153*w + 21780. Calculate y(140).
360
Let v(a) = -a**3 - 121*a**2 + 194*a - 2111. Determine v(-123).
4285
Let n(p) = 2*p**2 - 57*p - 6746. Calculate n(74).
-12
Let i(b) = 411*b + 5205. What is i(-12)?
273
Let v(l) = -24376*l - 73745. What is v(-3)?
-617
Let i(u) = -u**3 + 45*u**2 - 109*u + 4. Determine i(3).
55
Let m(x) = 2*x**3 - 157*x**2 - 70*x - 719. Determine m(79).
-8
Let p(n) = -463*n + 13343. What is p(30)?
-547
Let s(c) = 20*c**2 - 472*c + 703. Determine s(22).
-1
Let w(m) = -7*m**3 - 69*m**2 + 3*m - 95. Give w(-10).
-25
Let u(k) = 30078*k + 451131. What is u(-15)?
-39
Let g(z) = -z**3 + 44*z**2 - 117*z - 249. Calculate g(41).
-3
Let h(r) = 286*r - 3965. Calculate h(16).
611
Let k(l) = 2*l**3 + 130*l**2 - 5*l - 558. Calculate k(-65).
-233
Let g(b) = -3*b**3 + 24*b**2 - 79186*b + 395709. Determine g(5).
4
Let a(k) = -1708*k + 220350. Determine a(129).
18
Let s(y) = 27*y**2 - 61*y + 393. Calculate s(6).
999
Let b(n) = n**2 + 5202*n + 293256. Determine b(-57).
-9
Let z(g) = -28*g**2 - 184*g - 75. What is z(-5)?
145
Let s(n) = n**3 - 37*n**2 - 846*n + 25. What is s(-16)?
-7
Let y(i) = -2*i**3 - 66*i**2 - 458*i - 1438. Calculate y(-25).
12
Let f(y) = -145220*y - 1452196. Determine f(-10).
4
Let d(r) = 2*r**2 + 351*r + 3144. Give d(-9).
147
Let t(s) = 4*s**3 + 3*s**2 - 114*s - 279. Calculate t(-3).
-18
Let r(x) = -25*x**2 - 23*x + 264. Give r(8).
-1520
Let d(f) = 3*f**2 + 740*f + 12280. Give d(-18).
-68
Let c(h) = -1107*h - 8838. Give c(-8).
18
Let y(u) = 2*u**2 - 241*u + 1667. Calculate y(113).
-28
Let u(i) = -i**2 + 294*i - 21038. Calculate u(191).
-1365
Let w(v) = -1079*v - 133861. Determine w(-124).
-65
Let v(w) = 2*w**2 - 133*w - 98. Give v(66).
-164
Let p(r) = 10*r**3 + 15*r**2 + 20*r - 269. Calculate p(-9).
-6524
Let z(i) = -458*i - 27750. What is z(-59)?
-728
Let h(o) = -2*o**3 - 377*o**2 + 639*o + 11244. Calculate h(-190).
-1866
Let g(a) = -5*a**3 - 4*a**2 - 7*a + 6. Determine g(1).
-10
Let w(v) = -15*v**2 - 2156*v - 808. Determine w(-143).
765
Let l(d) = d**3 - 4*d**2 - 362*d - 1526. What is l(-14)?
14
Let a(b) = b**2 + 173*b + 4966. Give a(-35).
136
Let s(k) = 570*k**2 + 12570*k + 670. Give s(-22).
10
Let s(x) = 4000*x - 15964. Give s(4).
36
Let w(v) = 12*v**2 - 102*v - 427. What is w(-5)?
383
Let g(z) = -14*z**2 - 138*z + 16070. Determine g(-39).
158
Let l(z) = 529*z - 9645. Give l(18).
-123
Let z(v) = -342*v**2 - 2080*v - 169. Give z(-6).
-1
Let s(r) = 5205*r**2 - 20798*r + 4. Determine s(4).
92
Let s(j) = -j**2 + 8530*j + 1772793. Determine s(-203).
-6
Let n(r) = -r**2 - 102*r + 39453. Determine n(154).
29
Let w(c) = c**2 + 62*c + 31. Give w(-62).
31
Let x(g) = -g**2 + 29*g + 2896. What is x(67)?
350
Let h(s) = -s**3 - 6*s**2 + 22. Calculate h(-6).
22
Let w(z) = -2*z**2 - 486*z - 12888. Give w(-30).
-108
Let h(o) = 47966*o + 191402. Calculate h(-4).
-462
Let o(x) = 1144*x + 48304. Give o(-42).
256
Let w(x) = -173*x + 5217. Calculate w(29).
200
Let h(n) = 1276727*n + 30641451. What is h(-24)?
3
Let a(g) = -1621*g + 421469. What is a(260)?
9
Let u(y) = -2*y**3 + 149*y**2 - 1023*y + 9441. Calculate u(68).
-11
Let l(u) = u**2 - 1151*u + 275263. Give l(339).
-5
Let q(d) = 7382*d + 155013. Give q(-21).
-9
Let c(l) = 2*l**3 - 18643*l**2 + 55935*l + 6. Give c(3).
78
Let p(r) = 979331*r + 5875974. Give p(-6).
-12
Let d(q) = q**3 - 26*q**2 + 59*q - 2756. What is d(28)?
464
Let t(n) = 35*n - 5181. Give t(138).
-351
Let m(h) = -5*h**3 - 26*h**2 + 17*h - 89. What is m(-6)?
-47
Let d(g) = -287*g + 249. Calculate d(-2).
823
Let y(n) = 175803*n + 1933842. What is y(-11)?
9
Let o(v) = 14*v**2 + 177*v + 575. Determine o(-5).
40
Let c(r) = 3*r**3 + 650*r**2 - 205*r + 2480. Determine c(-217).
-124
Let m(i) = i**2 + 3167*i + 146581. Calculate m(-47).
-59
Let u(f) = -f**3 - 37*f**2 - 5029*f - 179754. Calculate u(-36).
-6
Let k(l) = 4692*l + 103226. Give k(-22).
2
Let n(y) = -2*y**3 + 43330*y**2 - 389808*y + 1. What is n(9)?
1
Let q(l) = -22*l + 450. Calculate q(0).
450
Let m(u) = -2*u**3 + 69*u**2 + 6427*u - 219696. What is m(34)?
-22
Let i(a) = -725*a - 897. What is i(-5)?
2728
Let c(t) = -14*t**2 - 349*t + 2245. What is c(7)?
-884
Let s(x) = x**3 + 106*x**2 + 611*x + 83. Determine s(-6).
17
Let m(k) = 20*k**2 - 54*k - 690. Calculate m(-5).
80
Let l(a) = a**3 - 644*a**2 - 9706*a - 117965. Give l(659).
-4
Let g(f) = -10*f**3 - 7*f**2 - 1367*f - 2731. Determine g(-2).
55
Let g(x) = x**3 + 9*x**2 + 103*x + 605. What is g(-7)?
-18
Let i(o) = -o**3 + 438*o**2 - 14050*o. Give i(35).
1925
Let w(i) = -6416*i + 250244. Determine w(39).
20
Let u(w) = 275*w - 11437. Calculate u(43).
388
Let c(t) = -9629*t + 2522808. Give c(262).
10
Let s(m) = 1303*m + 18324. Calculate s(-15).
-1221
Let q(b) = 5*b**2 + 501*b + 10841. Determine q(-35).
-569
Let q(w) = 19*w**2 - 83*w + 10. Give q(5).
70
Let k(q) = q**3 - 15*q**2 + 41*q - 193. What is k(13)?
2
Let g(a) = a**2 + 9936*a - 19864. Give g(2).
12
Let g(b) = -17*b**3 + 147*b**2 + 779*b + 9. What is g(-5)?
1914
Let q(c) = 6*c**2 + 5308*c + 36906. What is q(-7)?
44
Let r(s) = -s**2 + 1188*s - 126263. Calculate r(118).
-3
Let t(i) = -3*i**2 - 483*i - 2625. Give t(-6).
165
Let s(o) = -146*o**2 - 62287*o + 148858. What is s(-429)?
-5
Let n(s) = -s**2 + 29181*s - 845526. What is n(29)?
-118
Let b(u) = -3*u**3 + 338*u**2 + 36*u + 8676. Determine b(113).
-25
Let v(o) = -21*o**2 - 214*o + 287. Calculate v(-13).
-480
Let d(s) = -s**2 - 621*s - 19436. Determine d(-33).
-32
Let h(u) = -u**2 + 122*u + 33950. Calculate h(255).
35
Let x(o) = -o**3 - 15*o**2 + 14*o + 218. Determine x(-4).
-14
Let w(i) = 23*i**2 + 1184*i - 299. Calculate w(-51).
-860
Let r(f) = 98035*f + 980311. Give r(-10).
-39
Let x(l) = -3*l**3 - 807*l**2 - 761*l + 11522. Give x(-268).
-2
Let a(o) = 3*o**3 + 182*o**2 + 11*o + 3415. Give a(-61).
-977
Let t(i) = 213*i**3 - 4*i**2 + 3*i - 3. What is t(2)?
1691
Let n(p) = 3654*p + 292293. What is n(-80)?
-27
Let j(v) = 85*v - 300. Calculate j(10).
550
Let h(f) = -f**3 + 6*f**2 + 88*f - 77. Determine h(13).
-116
Let b(t) = 1034*t + 227011. Determine b(-222).
-2537
Let w(k) = 8010*k + 368458. What is w(-46)?
-2
Let d(w) = -65559*w + 1114616. Determine d(17).
113
Let t(u) = 14296*u + 157211. Determine t(-11).
-45
Let l(u) = -10*u**2 - 1318*u - 6307. Determine l(-5).
33
Let f(w) = -995*w - 1964. Calculate f(-2).
26
Let v(t) = -7916*t - 28461. What is v(-3)?
-4713
Let z(b) = 36912*b - 24. What is z(0)?
-24
Let p(k) = -134*k**2 - 29*k - 99. Calculate p(1).
-262
Let m(b) = -21*b**2 + 7748*b + 542. Determine m(369).
173
Let j(v) = -64*v**3 + 18*v**2 + 32*v - 8. Give j(-3).
1786
Let v(y) = 5*y**3 - 148*y**2 - 86*y + 783. Calculate v(30).